{"id":2,"date":"2024-09-02T20:49:46","date_gmt":"2024-09-02T18:49:46","guid":{"rendered":"http:\/\/cours-danse-rennes.com\/?page_id=2"},"modified":"2025-08-14T09:11:49","modified_gmt":"2025-08-14T07:11:49","slug":"page-d-exemple","status":"publish","type":"page","link":"https:\/\/cours-danse-rennes.com\/","title":{"rendered":"Ecole de Danse \u00e0 Rennes"},"content":{"rendered":"\n<p>Votre \u00e9cole de danse \u00e0 Rennes pour apprendre \u00e0 danser tout simplement \u2026<\/p>\n\n\n\n<ul class=\"wp-block-list\">\n<li>Rock, Salsa, Danse de salon, Danse sportive, Tango Argentin<\/li>\n\n\n\n<li>Cours de danse collectifs \u00e0 Rennes et cours particuliers<\/li>\n\n\n\n<li>Soir\u00e9e d&#8217;entra\u00eenement, stages, d\u00e9monstrations et pr\u00e9paration au bal de mariage<\/li>\n\n\n\n<li>Niveaux d\u00e9butant, perfectionnement et comp\u00e9titions \u2026<\/li>\n<\/ul>\n\n\n\n<p>Les cours de danse sont organis\u00e9s par Marylise Maisonneuve dipl\u00f4m\u00e9e Ma\u00eetre de danse de l&#8217;Association des Ma\u00eetres de Danse de France (AMDF) et de la F\u00e9d\u00e9ration Fran\u00e7aise des Sports de Danse (FFSD).<\/p>\n\n\n\n<p><\/p>\n\n\n\n<p><strong><mark style=\"background-color:rgba(0, 0, 0, 0)\" class=\"has-inline-color has-vivid-red-color\">Reprise des cours la semaine du 15 Septembre 2025<\/mark><\/strong><\/p>\n\n\n\n<p><\/p>\n","protected":false},"excerpt":{"rendered":"<p>Votre \u00e9cole de danse \u00e0 Rennes pour apprendre \u00e0 danser tout simplement \u2026 Les cours de danse sont organis\u00e9s par Marylise Maisonneuve dipl\u00f4m\u00e9e Ma\u00eetre de danse de l&#8217;Association des Ma\u00eetres de Danse de France (AMDF) et de la F\u00e9d\u00e9ration Fran\u00e7aise &hellip; <a href=\"https:\/\/cours-danse-rennes.com\/\">Continue reading <span class=\"meta-nav\">&rarr;<\/span><\/a><\/p>\n","protected":false},"author":1,"featured_media":0,"parent":0,"menu_order":0,"comment_status":"closed","ping_status":"open","template":"","meta":{"footnotes":""},"class_list":["post-2","page","type-page","status-publish","hentry"],"_links":{"self":[{"href":"https:\/\/cours-danse-rennes.com\/index.php\/wp-json\/wp\/v2\/pages\/2","targetHints":{"allow":["GET"]}}],"collection":[{"href":"https:\/\/cours-danse-rennes.com\/index.php\/wp-json\/wp\/v2\/pages"}],"about":[{"href":"https:\/\/cours-danse-rennes.com\/index.php\/wp-json\/wp\/v2\/types\/page"}],"author":[{"embeddable":true,"href":"https:\/\/cours-danse-rennes.com\/index.php\/wp-json\/wp\/v2\/users\/1"}],"replies":[{"embeddable":true,"href":"https:\/\/cours-danse-rennes.com\/index.php\/wp-json\/wp\/v2\/comments?post=2"}],"version-history":[{"count":3,"href":"https:\/\/cours-danse-rennes.com\/index.php\/wp-json\/wp\/v2\/pages\/2\/revisions"}],"predecessor-version":[{"id":169,"href":"https:\/\/cours-danse-rennes.com\/index.php\/wp-json\/wp\/v2\/pages\/2\/revisions\/169"}],"wp:attachment":[{"href":"https:\/\/cours-danse-rennes.com\/index.php\/wp-json\/wp\/v2\/media?parent=2"}],"curies":[{"name":"wp","href":"https:\/\/api.w.org\/{rel}","templated":true}]}}